{"id":55,"date":"2016-01-08T16:39:07","date_gmt":"2016-01-08T14:39:07","guid":{"rendered":"http:\/\/joonjapunkt.ee\/?page_id=55"},"modified":"2016-04-14T16:40:21","modified_gmt":"2016-04-14T14:40:21","slug":"kontakt","status":"publish","type":"page","link":"https:\/\/joonjapunkt.ee\/?page_id=55","title":{"rendered":"Kontakt"},"content":{"rendered":"<p>argo (\u00e4t) joonjapunkt.ee<\/p>\n<p>info (\u00e4t) joonjapunkt.ee<\/p>\n<p>+3725010959<\/p>\n<p>Joon ja Punkt O\u00dc<\/p>\n","protected":false},"excerpt":{"rendered":"<p>argo (\u00e4t) joonjapunkt.ee info (\u00e4t) joonjapunkt.ee +3725010959 Joon ja Punkt O\u00dc<\/p>\n","protected":false},"author":1,"featured_media":0,"parent":0,"menu_order":0,"comment_status":"open","ping_status":"open","template":"template-fullwidth.php","meta":{"footnotes":""},"class_list":["post-55","page","type-page","status-publish","hentry"],"_links":{"self":[{"href":"https:\/\/joonjapunkt.ee\/index.php?rest_route=\/wp\/v2\/pages\/55","targetHints":{"allow":["GET"]}}],"collection":[{"href":"https:\/\/joonjapunkt.ee\/index.php?rest_route=\/wp\/v2\/pages"}],"about":[{"href":"https:\/\/joonjapunkt.ee\/index.php?rest_route=\/wp\/v2\/types\/page"}],"author":[{"embeddable":true,"href":"https:\/\/joonjapunkt.ee\/index.php?rest_route=\/wp\/v2\/users\/1"}],"replies":[{"embeddable":true,"href":"https:\/\/joonjapunkt.ee\/index.php?rest_route=%2Fwp%2Fv2%2Fcomments&post=55"}],"version-history":[{"count":3,"href":"https:\/\/joonjapunkt.ee\/index.php?rest_route=\/wp\/v2\/pages\/55\/revisions"}],"predecessor-version":[{"id":76,"href":"https:\/\/joonjapunkt.ee\/index.php?rest_route=\/wp\/v2\/pages\/55\/revisions\/76"}],"wp:attachment":[{"href":"https:\/\/joonjapunkt.ee\/index.php?rest_route=%2Fwp%2Fv2%2Fmedia&parent=55"}],"curies":[{"name":"wp","href":"https:\/\/api.w.org\/{rel}","templated":true}]}}